71. Let q = 124 - u. Is q composite?
False
Let z(t) = 53*t**2 + 90*t - 415. Is z(38) a composite number?
False
Suppose 2*y + 2*y + 3 = -5*k, y + 2*k = -3. Let h(b) = -9*b - y*b - 2*b**3 + 14 - 10*b**2 - 2*b + 2*b. Is h(-6) composite?
True
Let w = -3936 - -5793. Suppose 4*n + 5*o - 11728 = 0, -o + w = n - 1074. Is n composite?
False
Let g be 52/(-9) + 3*4/(-54). Let z(k) = 2*k**2 - 19*k - 17 + 0 + 15*k. Is z(g) prime?
True
Suppose 3286 = 155*x - 153*x. Let c = x + 4994. Is c composite?
False
Let a(g) = -3720*g - 949. Is a(-37) a composite number?
False
Let k = 920087 - 639364. Is k a prime number?
False
Suppose h + 0*h + 4*v - 14 = 0, 4*h - 3*v = 37. Suppose 19 = -3*t - 4*y, 5*t + 0*y - 7 = 3*y. Is -6 + (h - 7) + (-116)/t a composite number?
False
Let s(o) = 415*o**2 + 2*o - 1. Let c be (-6 - (-9)/(-18))/((-2)/(-8)). Let a(h) = h**3 + 28*h**2 + 52*h - 2. Let g be a(c). Is s(g) prime?
False
Let n(f) = 105*f**3 + 23*f**2 + 14*f - 31. Is n(8) prime?
True
Suppose 50*t - 600254 + 303944 = 393640. Is t prime?
True
Let w(y) = -2*y**2 + 5*y + 9. Let d be w(8). Let f = 77 + d. Is (f + 1616)/(9 - 7) composite?
True
Let b = 8458 - -1939. Is b composite?
True
Suppose -2*d + m = -2759, -3*m - m - 4141 = -3*d. Suppose -595*n + 608*n = 0. Suppose 0*b - b - 3*r + d = n, 5*b + 4*r - 6917 = 0. Is b prime?
False
Suppose a - p - 96508 - 136288 = 0, 5 = p. Is a a composite number?
False
Let r = 51 + -57. Is ((r/3)/(-6))/((-5)/(-190635)) a composite number?
True
Suppose -51*q + 4214581 = -5596442. Is q a prime number?
True
Let s(o) = -267*o + 197. Let j(x) = -x. Let q(b) = j(b) + s(b). Is q(-9) a prime number?
True
Let a(m) = 60*m**2 - 7*m + 51. Suppose 179 = 28*y - 101. Is a(y) composite?
False
Let v(a) = -a + 1. Let r be v(3). Suppose 2*s - 12 = 5*o, -s + 4*o = -25 + 16. Is 10*318/(s - r) + 1 a prime number?
True
Let f be 98/(9/(6390/4)). Suppose -f = -4*h - 1559. Is h a composite number?
True
Let u be 35/5 + -1 + -2. Suppose 4*d = 5*j + 25, -u*d + 7*j + 15 = 4*j. Suppose d = 7*o - 4*o - 2757. Is o composite?
False
Let z(h) = -24*h**3 + 3*h**2 + 17*h - 19. Is z(-4) a prime number?
False
Is 199714304/416 - (-18)/(-39) a prime number?
False
Let l(k) be the second derivative of k**4/4 + 4*k**3 + k**2/2 + 26*k. Is l(-12) a prime number?
False
Let w(k) = k - 100. Let b be w(0). Let q = b - -110. Is 26*5/q*41 composite?
True
Let n be 6/(-24) - 3373*2/(-8). Suppose -4*y + n = -5*k, 156 = y - 3*k - 53. Let d = y - 49. Is d composite?
False
Suppose -2*r - 2108126 = -4*u, 114*r - 116*r = 3*u - 1581063. Is u a prime number?
False
Suppose 20*i = 19*i + 3. Suppose -3 + 9 = i*g. Suppose -3*c + 228 = -3*p, 2*c - 262 + 98 = -g*p. Is c prime?
True
Is (-18)/(-108) + (-4945222)/(-12) + 161/23 a composite number?
False
Let b(f) = 3*f - 63. Let n be b(4). Is ((-17)/n)/(2/77646 - 0) composite?
False
Let j = 10676 + -4752. Suppose -5*s = -s - j. Is s a prime number?
True
Let l(p) = 2*p + 14. Let q be l(-10). Let f(o) be the third derivative of -o**6/40 - 2*o**5/15 - o**4/4 - 5*o**3/6 - 2*o**2 + 137. Is f(q) a composite number?
True
Suppose 19*m = 7058586 + 1092053. Is m composite?
True
Let k(b) = 5*b**2 + 3*b - 2. Let h(q) = q**2. Let o(f) = -6*h(f) + k(f). Let m be o(6). Is 267*(m/12 - -2) a composite number?
False
Let o be 33/12 - 1/(-4). Let s(b) be the third derivative of 13*b**5/15 + b**4/24 + 4*b**3/3 + 102*b**2. Is s(o) prime?
True
Let i = -176 + 195. Suppose i*n - 21*n + 21066 = 0. Is n prime?
False
Let j(p) = -44*p**3 + 6*p**2 - 13*p + 5. Is j(-12) a composite number?
True
Suppose 13*f + 5 = 57. Suppose 6996 = -f*t + 16*t. Is t prime?
False
Let h be (11/(-22))/(2/(-1812)). Let q = 193 + -395. Let g = h + q. Is g a composite number?
False
Suppose 55*s - 19826 = 32*s. Is s/12*-4*663/(-34) prime?
False
Let q be (-4 + 10/2)/((-2)/12). Let j be (10/q)/(3/(-11898)). Is 1*j/3 + (-7)/21 a prime number?
True
Let u(d) = 4*d**3 + 22*d**2 + 11*d - 8. Let j(y) = 4*y**3 + 21*y**2 + 11*y - 8. Let g(t) = -4*j(t) + 3*u(t). Let p be g(-7). Let a = -106 + p. Is a composite?
True
Let c = 3639 - -1633. Suppose c + 2804 = 12*p. Is p prime?
True
Let b(u) = 79*u**2 - 30*u + 1721. Is b(48) prime?
True
Suppose -2*j = s - 2170852, -1085459 = -87*j + 86*j + 5*s. Is j a prime number?
True
Suppose 2*c - t - 1 = 7, -3*t + 21 = 3*c. Suppose 2*v + c*v = 17262. Let j = -1417 + v. Is j a prime number?
True
Suppose -16871613 = 21*m + 46*m - 100*m. Is m composite?
False
Suppose -9*n + 438031 = -1443309 - 977969. Is n prime?
True
Let s(a) = 3*a - 120. Let j be s(28). Let w(y) = -1699*y - 277. Is w(j) a prime number?
True
Suppose 17*h - 34451 = 3000. Let k = h + 2826. Is k a prime number?
False
Let s(r) = -18*r**3 - 7*r - 7*r**2 - 9*r**3 + 37*r**3 - 19. Is s(6) composite?
False
Let h(q) = 117*q**2 + 35*q + 1053. Is h(-70) composite?
False
Let c(a) = 2*a**3 - 16*a**2 + 35*a - 11. Let d be c(12). Suppose -d = -9*j - 256. Is j a prime number?
False
Let l(u) = 63*u**2 + 528*u - 130. Is l(-53) prime?
True
Suppose 6132*a + 7773623 = 6145*a. Is a a composite number?
True
Suppose 5*v + i - 143370 = 0, 26869 = 3*v - 3*i - 59135. Is v a prime number?
False
Let h(m) = -m**3 + 7*m**2 + 10*m - 18. Suppose 4*z - 21 = 11. Let p be h(z). Is p + (-1532)/(-6)*9/6 a prime number?
False
Suppose 2*y + 23 = 5*y - 2*q, 3*y - 3*q - 27 = 0. Let x(t) = 26*t**2 + 3*t + 4. Let p(m) = -13*m**2 - m - 2. Let w(b) = y*p(b) + 3*x(b). Is w(-4) composite?
True
Suppose -4*a - w = -701612, 1378*a + 175403 = 1379*a + 3*w. Is a prime?
True
Is (4/(-1))/(1004/(-30100171)) prime?
True
Let p = -145189 + 416688. Is p prime?
True
Suppose -67*u + 102168201 = -8497240. Is u prime?
True
Suppose 248*a + 373595 = 253*a - 4*y, -4*a = -5*y - 298876. Is a composite?
False
Suppose -47*p - 14*p = -7528315. Is p prime?
False
Let w(r) = 28*r**2 + 156*r - 143. Is w(58) a composite number?
True
Suppose -6*v + 1397553 = -11*r + 16*r, 5*v = -4*r + 1164627. Is v composite?
True
Suppose 41*p - 894972 = -243031. Is p prime?
True
Let i(w) = 3*w**2 - 7*w - 1. Let r be i(3). Let u(v) = 9*v**3 - 10*v**2 - 6*v + 6. Is u(r) composite?
True
Let t = -419259 - -878306. Is t prime?
True
Let z be 6/(-4) + (3 + -2)/(-2). Let h be 4/z + (-1 + 35 - -4). Suppose s - 553 = -h. Is s prime?
False
Let p(y) = -18440*y - 363. Is p(-4) a prime number?
False
Let q = -205 + 209. Suppose -q*h + 30481 = -g, -2*h + 3*g + 625 = -14608. Is h composite?
False
Let v(x) = 106*x**2 - 36*x - 71. Is v(-18) composite?
True
Let s be 4/(-24) + (-50)/(-12). Suppose 0 = s*r - 6*r, -2*k = 3*r - 4474. Is k a composite number?
False
Suppose 0*i = -4*i - 3*i. Suppose -t = -3*r - 35726, -t + r - 6*r + 35734 = i. Is t a composite number?
False
Let z be 27105/(-117)*(-6)/2. Suppose -z = -3*p - 4*l, -5*p + 4*l + 189 + 980 = 0. Is p prime?
True
Let b = 218 - 79. Let f = 63 + -58. Suppose -f*w + v + 330 = 0, -2*v + 3*v - b = -2*w. Is w a composite number?
False
Suppose -22*x + 16*x = 29*x - 1556905. Is x prime?
True
Suppose 3*p = -513 + 498. Is (-2)/p*(-130270)/(-28) composite?
False
Let m(w) = -73172*w - 7259. Is m(-8) a composite number?
False
Let n(f) = 350*f**2 + 238*f - 3971. Is n(16) a prime number?
False
Let b(c) = c**2 - 19*c + 48. Let z be b(4). Is (2/z - 667595/(-30)) + 6 a composite number?
False
Let a = 52 + -47. Suppose -a*l - 2*y - 2 = 0, 0 = -4*l + 3*y + 2*y - 28. Is 0 + l/7 + (-111465)/(-63) composite?
True
Let z be (4/(-8))/(0 - 1/300). Is z/60 + 2/((-8)/(-26346)) a composite number?
True
Suppose 0 = -5*p + h + 7, 2*p - h = 6*p - 11. Suppose 3*i - 4 = 5*t, -2 = -4*t + p*t. Suppose -i*n + 9647 = 8*n. Is n composite?
False
Suppose -96*k - 2829747 = -15540435. Is k prime?
True
Let l(i) = 108 + 9 - 3*i - 4*i + 5*i - 7*i. Is l(12) a prime number?
False
Suppose 88*v = -43*v - 8*v + 15604835. Is v a composite number?
True
Let z(d) = d**2 - 6. Suppose 20*m - 21*m = 3. Let g be z(m). Suppose -i + 5*i = -c + 159, 4*i + 397 = g*c. Is c a composite number?
False
Let p(f) = -14602*f + 51. Let q be p(-7). Suppose q = 54*u - 91757. Is u a composite number?
False
Let c be (-3 - -1)*(-1 - -3). Let t be (c + 29)*(-3)/(-5). Let z = t - 1. Is z prime?
False
Let w be (-3)/(3/14) - -2. Suppose 21*y = 38*y - 731. Let m = w + y. Is m prime?
True
Suppose -2*n = 2*j - 129538, -4*n - 5*j + 71507 = -187573. Is n prime?
False
Let l(t)